s the remainder when 456513 is divided by 456470?
43
Calculate the remainder when 3769002 is divided by 1263.
210
What is the remainder when 1283192 is divided by 116653?
9
What is the remainder when 571211 is divided by 570857?
354
What is the remainder when 660740 is divided by 110095?
170
What is the remainder when 1204099 is divided by 240696?
619
What is the remainder when 1175038 is divided by 767?
761
Calculate the remainder when 29584137 is divided by 4377.
4371
What is the remainder when 3281530 is divided by 233?
191
What is the remainder when 1358629 is divided by 679305?
19
Calculate the remainder when 3554830 is divided by 496.
494
Calculate the remainder when 153500 is divided by 953.
67
What is the remainder when 4560844 is divided by 488?
484
What is the remainder when 2799985 is divided by 353?
342
What is the remainder when 601662557 is divided by 872?
869
What is the remainder when 1690765 is divided by 718?
593
Calculate the remainder when 18231 is divided by 2536.
479
Calculate the remainder when 166416298 is divided by 4207.
4206
What is the remainder when 104318758 is divided by 1722?
1720
What is the remainder when 152561779 is divided by 28?
27
Calculate the remainder when 117708967 is divided by 1442.
1391
What is the remainder when 34864691 is divided by 17432336?
19
What is the remainder when 1803917 is divided by 535?
432
What is the remainder when 177405 is divided by 1420?
1325
Calculate the remainder when 2838741 is divided by 55661.
30
What is the remainder when 1910718 is divided by 1100?
18
What is the remainder when 501798 is divided by 362?
66
What is the remainder when 77722 is divided by 10737?
2563
Calculate the remainder when 4251090 is divided by 107.
87
Calculate the remainder when 43768 is divided by 10531.
1644
What is the remainder when 713570 is divided by 78?
26
What is the remainder when 206408713 is divided by 19?
9
Calculate the remainder when 10725 is divided by 893.
9
Calculate the remainder when 6647724 is divided by 1274.
1266
What is the remainder when 49026132 is divided by 1441945?
2
What is the remainder when 2442232 is divided by 7226?
7070
What is the remainder when 76550 is divided by 6436?
5754
What is the remainder when 38353149 is divided by 110?
109
Calculate the remainder when 373794 is divided by 3497.
3112
What is the remainder when 9710816 is divided by 388432?
16
What is the remainder when 171633 is divided by 1605?
1503
What is the remainder when 514476 is divided by 128513?
424
What is the remainder when 26097 is divided by 667?
84
Calculate the remainder when 156856 is divided by 3583.
2787
Calculate the remainder when 6548697 is divided by 385217.
8
Calculate the remainder when 13137 is divided by 4303.
228
What is the remainder when 174608 is divided by 2849?
819
Calculate the remainder when 29135 is divided by 117.
2
Calculate the remainder when 71625123 is divided by 116.
111
What is the remainder when 50745 is divided by 2045?
1665
What is the remainder when 21967529 is divided by 23246?
59
What is the remainder when 4469223 is divided by 4469218?
5
Calculate the remainder when 39529 is divided by 496.
345
Calculate the remainder when 25863363 is divided by 57.
12
What is the remainder when 1942659 is divided by 175?
159
What is the remainder when 6425429 is divided by 275?
54
What is the remainder when 5092551 is divided by 14761?
6
Calculate the remainder when 19351394 is divided by 145.
129
What is the remainder when 725298 is divided by 7?
0
What is the remainder when 3693394 is divided by 1124?
1054
What is the remainder when 5003647 is divided by 1000727?
12
Calculate the remainder when 1209552 is divided by 402675.
1527
Calculate the remainder when 139876561 is divided by 46625505.
46
Calculate the remainder when 259557 is divided by 259534.
23
What is the remainder when 337243 is divided by 8641?
244
What is the remainder when 562988 is divided by 162?
38
What is the remainder when 1729341 is divided by 407?
405
Calculate the remainder when 661840 is divided by 70.
60
What is the remainder when 3311047 is divided by 1514?
1443
Calculate the remainder when 892099 is divided by 487.
402
What is the remainder when 1844374 is divided by 3232?
2134
What is the remainder when 11458230 is divided by 5729106?
18
Calculate the remainder when 346641 is divided by 13864.
41
Calculate the remainder when 44670 is divided by 43984.
686
Calculate the remainder when 11408 is divided by 304.
160
What is the remainder when 627661649 is divided by 7?
6
Calculate the remainder when 191745 is divided by 1184.
1121
Calculate the remainder when 67028 is divided by 1819.
1544
Calculate the remainder when 846449 is divided by 512.
113
What is the remainder when 6469724 is divided by 12?
8
What is the remainder when 6945140 is divided by 2314879?
503
Calculate the remainder when 4848357 is divided by 48.
21
What is the remainder when 51403879 is divided by 459?
10
Calculate the remainder when 534276 is divided by 1793.
1755
What is the remainder when 190774 is divided by 13626?
10
What is the remainder when 159915 is divided by 1600?
1515
Calculate the remainder when 859154 is divided by 1024.
18
Calculate the remainder when 16353236 is divided by 1257940.
16
What is the remainder when 784291 is divided by 20552?
3315
What is the remainder when 156439 is divided by 52144?
7
What is the remainder when 20118291 is divided by 36119?
8
What is the remainder when 2928566 is divided by 953?
950
Calculate the remainder when 1046657 is divided by 521900.
2857
Calculate the remainder when 657339 is divided by 285.
129
What is the remainder when 3235928 is divided by 1435?
3
Calculate the remainder when 5432 is divided by 301.
14
What is the remainder when 9942563 is divided by 89?
17
Calculate the remainder when 2389336 is divided by 5183.
5156
Calculate the remainder when 27942314 is divided by 594.
554
What is the remainder when 1041253486 is divided by 1188?
1186
What is the remainder when 90294597 is divided by 200?
197
Calculate the remainder when 253754 is divided by 40.
34
What is the remainder when 41163089 is divided by 6?
5
What is the remainder when 2151373 is divided by 15588?
229
What is the remainder when 14095829 is divided by 223?
222
Calculate the remainder when 467926911 is divided by 2797.
2796
Calculate the remainder when 44499 is divided by 543.
516
Calculate the remainder when 3197 is divided by 2340.
857
What is the remainder when 1212693 is divided by 37894?
85
What is the remainder when 1839279 is divided by 620?
359
What is the remainder when 76238261 is divided by 16?
5
What is the remainder when 2998498 is divided by 2568?
1642
What is the remainder when 4281783 is divided by 202?
191
What is the remainder when 311246 is divided by 308346?
2900
Calculate the remainder when 2779713 is divided by 813.
66
What is the remainder when 140564 is divided by 2417?
378
What is the remainder when 187367069 is divided by 1473?
1469
What is the remainder when 2048110 is divided by 7758?
7756
What is the remainder when 5183037 is divided by 59?
5
Calculate the remainder when 450747 is divided by 224598.
1551
Calculate the remainder when 2371432 is divided by 37.
28
Calculate the remainder when 68010442 is divided by 9715774.
24
What is the remainder when 227537 is divided by 75519?
980
Calculate the remainder when 64091 is divided by 64004.
87
What is the remainder when 5345036 is divided by 826?
816
Calculate the remainder when 951882 is divided by 181.
3
Calculate the remainder when 6579979 is divided by 112.
91
Calculate the remainder when 12202018 is divided by 20.
18
Calculate the remainder when 11516533 is divided by 59.
28
What is the remainder when 20956848 is divided by 982?
968
Calculate the remainder when 883783 is divided by 16966.
1551
Calculate the remainder when 3236075 is divided by 307.
295
What is the remainder when 10846801 is divided by 3615584?
49
What is the remainder when 11624148 is divided by 147141?
9
What is the remainder when 1177544695 is divided by 1474?
1471
What is the remainder when 11401615 is divided by 200028?
19
Calculate the remainder when 53082659 is divided by 53082656.
3
What is the remainder when 3900818 is divided by 303?
299
Calcu